and 60?
20
What is the highest common factor of 40 and 599130?
10
What is the greatest common divisor of 34485 and 5130?
285
Calculate the greatest common factor of 2321 and 968.
11
What is the greatest common factor of 117900 and 150?
150
Calculate the greatest common divisor of 616 and 3421.
11
What is the greatest common divisor of 28727 and 88679?
1249
Calculate the highest common divisor of 9432 and 81.
9
What is the greatest common factor of 31415 and 148320?
515
What is the greatest common factor of 40643 and 485?
97
What is the greatest common divisor of 78 and 13284?
6
What is the highest common divisor of 420 and 80836?
28
Calculate the highest common factor of 662 and 2141239.
331
Calculate the greatest common divisor of 6 and 21348.
6
Calculate the greatest common divisor of 940456 and 902.
22
Calculate the highest common divisor of 20512 and 1056.
32
What is the greatest common factor of 35 and 70392?
7
Calculate the greatest common factor of 114 and 670890.
114
What is the highest common divisor of 64565 and 1665?
185
What is the greatest common divisor of 14 and 517363?
7
Calculate the greatest common factor of 132451 and 22.
11
Calculate the highest common divisor of 442616 and 488.
488
Calculate the greatest common factor of 873 and 16878.
291
What is the greatest common factor of 197 and 62843?
197
Calculate the greatest common factor of 323262 and 360.
18
Calculate the greatest common divisor of 61902 and 38.
38
Calculate the greatest common divisor of 864 and 35958.
6
What is the highest common factor of 132 and 48928?
44
What is the greatest common divisor of 4 and 575812?
4
What is the greatest common divisor of 599 and 81?
1
Calculate the greatest common factor of 2373 and 252.
21
What is the greatest common factor of 2 and 36902?
2
What is the highest common factor of 2072 and 146440?
56
What is the greatest common factor of 1180 and 72275?
295
What is the greatest common divisor of 2950 and 2570?
10
What is the greatest common divisor of 5291 and 118261?
143
Calculate the highest common divisor of 6711 and 2118.
3
What is the greatest common factor of 1045296 and 28?
28
Calculate the greatest common factor of 4170 and 540.
30
Calculate the greatest common divisor of 184768 and 480.
32
Calculate the greatest common divisor of 22 and 33077.
11
What is the greatest common factor of 40682 and 2?
2
What is the greatest common factor of 460 and 5640?
20
Calculate the greatest common factor of 6384 and 196.
28
Calculate the greatest common divisor of 24170 and 600.
10
Calculate the highest common divisor of 711 and 1431.
9
Calculate the highest common divisor of 248 and 951328.
248
Calculate the greatest common factor of 338 and 10192.
26
Calculate the highest common factor of 263353 and 9725.
389
Calculate the highest common divisor of 56 and 266588.
28
What is the greatest common factor of 117856 and 16?
16
What is the greatest common factor of 1326 and 12954?
102
What is the greatest common factor of 33726 and 35?
7
Calculate the greatest common divisor of 762 and 281686.
254
Calculate the highest common divisor of 66 and 172832.
22
What is the highest common divisor of 2940 and 40?
20
Calculate the greatest common factor of 1742 and 32428.
134
What is the greatest common factor of 79768 and 364?
52
What is the highest common factor of 574 and 658?
14
Calculate the greatest common divisor of 70364 and 980.
196
What is the greatest common factor of 824180 and 112?
28
Calculate the highest common factor of 536387 and 2761.
251
What is the highest common factor of 266 and 13118?
14
What is the highest common factor of 24089 and 551213?
1417
What is the highest common factor of 15810 and 2356?
62
What is the greatest common divisor of 1 and 3209?
1
What is the highest common divisor of 1365 and 31200?
195
Calculate the highest common divisor of 933884 and 28.
28
Calculate the greatest common factor of 1344 and 1245.
3
Calculate the greatest common factor of 16396 and 102.
2
What is the highest common factor of 184877 and 539?
539
What is the greatest common divisor of 26971 and 21?
7
Calculate the highest common divisor of 616 and 171556.
308
Calculate the greatest common divisor of 38440 and 120.
40
Calculate the highest common factor of 117291 and 9.
3
Calculate the highest common factor of 4122 and 435329.
229
What is the highest common factor of 1152 and 3582?
18
What is the highest common factor of 410016 and 40?
8
Calculate the greatest common divisor of 1455 and 864755.
485
Calculate the highest common factor of 1196224 and 64.
64
Calculate the greatest common factor of 1949012 and 26.
26
Calculate the highest common factor of 128773 and 1179.
131
What is the highest common divisor of 23804 and 330?
22
Calculate the greatest common divisor of 39149 and 3212.
11
What is the highest common divisor of 193 and 115607?
193
Calculate the highest common factor of 157 and 631297.
157
What is the greatest common divisor of 18505 and 40?
5
Calculate the highest common divisor of 75552 and 672.
96
What is the highest common divisor of 442 and 1677?
13
What is the greatest common divisor of 40803 and 336?
21
What is the greatest common factor of 548620 and 60?
20
Calculate the greatest common divisor of 45 and 5360.
5
Calculate the highest common divisor of 2150 and 3950.
50
Calculate the highest common factor of 1451006 and 1162.
166
Calculate the greatest common divisor of 248 and 161144.
8
What is the highest common factor of 6 and 1761702?
6
Calculate the highest common divisor of 11096 and 8614.
146
Calculate the highest common divisor of 736 and 9982.
46
Calculate the highest common factor of 56 and 1712592.
56
What is the greatest common factor of 375336 and 14976?
936
Calculate the greatest common factor of 1240364 and 28.
4
Calculate the highest common factor of 2197 and 247.
13
What is the greatest common divisor of 34917 and 14523?
309
Calculate the greatest common factor of 6070 and 970.
10
Calculate the greatest common divisor of 77 and 114947.
7
What is the greatest common factor of 33088 and 64?
64
What is the greatest common factor of 2988 and 9805869?
747
Calculate the highest common factor of 850 and 52615.
85
Calculate the greatest common factor of 1632740 and 25.
5
Calculate the greatest common divisor of 51 and 5700.
3
Calculate the highest common factor of 580735 and 2280.
95
Calculate the highest common factor of 8305 and 65685.
755
Calculate the greatest common divisor of 637 and 14911.
13
Calculate the greatest common factor of 15807 and 891.
33
What is the greatest common divisor of 1917 and 4401?
27
What is the greatest common factor of 23983 and 145?
29
What is the highest common divisor of 3468 and 1020?
204
Calculate the greatest common divisor of 7440 and 9435.
15
Calculate the greatest common divisor of 37656 and 936.
72
Calculate the greatest common divisor of 33558 and 5838.
42
What is the greatest common factor of 156 and 1144?
52
What is the highest common divisor of 16 and 13478?
2
Calculate the greatest common divisor of 1243667 and 5067.
563
Calculate the highest common factor of 156343 and 33.
11
What is the highest common factor of 65262 and 5694?
438
Calculate the highest common divisor of 13957 and 153.
17
Calculate the greatest common factor of 147 and 64029.
21
Calculate the highest common divisor of 48359 and 1813.
37
What is the greatest common divisor of 8474126 and 51?
17
What is the greatest common divisor of 15990478 and 14?
14
Calculate the greatest common divisor of 155 and 5240.
5
Calculate the highest common factor of 1957 and 721.
103
What is the highest common divisor of 1857559 and 11?
11
What is the greatest common factor of 3604 and 76?
4
What is the highest common divisor of 9875 and 8927?
79
What is the greatest common factor of 8176 and 464?
16
What is the greatest common divisor of 61360 and 65?
65
Calculate the highest common divisor of 3961960 and 8.
8
What is the highest common factor of 129926 and 49766?
334
What is the greatest common divisor of 3405 and 25605?
15
What is the greatest common factor of 536 and 2120?
8
What is the highest common factor of 187946 and 77?
11
Calculate the highest common factor of 620 and 248.
124
Calculate the highest common fact